{"id":44,"date":"2017-02-21T23:10:59","date_gmt":"2017-02-21T22:10:59","guid":{"rendered":"http:\/\/www.faciafusta.fr\/?page_id=44"},"modified":"2020-01-02T15:30:47","modified_gmt":"2020-01-02T14:30:47","slug":"presentation","status":"publish","type":"page","link":"https:\/\/www.faciafusta.fr\/?page_id=44","title":{"rendered":"Pr\u00e9sentation"},"content":{"rendered":"<p><span class=\"s1\"><span style=\"vertical-align: inherit;\"><span style=\"vertical-align: inherit;\"><img decoding=\"async\" loading=\"lazy\" class=\"size-large wp-image-295 aligncenter\" src=\"http:\/\/www.faciafusta.fr\/wp-content\/uploads\/2020\/01\/DSC_1644-1024x698.jpg\" alt=\"\" width=\"730\" height=\"498\" srcset=\"https:\/\/www.faciafusta.fr\/wp-content\/uploads\/2020\/01\/DSC_1644-1024x698.jpg 1024w, https:\/\/www.faciafusta.fr\/wp-content\/uploads\/2020\/01\/DSC_1644-300x204.jpg 300w, https:\/\/www.faciafusta.fr\/wp-content\/uploads\/2020\/01\/DSC_1644-768x523.jpg 768w, https:\/\/www.faciafusta.fr\/wp-content\/uploads\/2020\/01\/DSC_1644-1536x1046.jpg 1536w, https:\/\/www.faciafusta.fr\/wp-content\/uploads\/2020\/01\/DSC_1644.jpg 1920w\" sizes=\"(max-width: 730px) 100vw, 730px\" \/>\u00a0<\/span><\/span><\/span><\/p>\n<p style=\"text-align: center;\"><span class=\"s1\"><span style=\"vertical-align: inherit;\"><span style=\"vertical-align: inherit;\"><span style=\"vertical-align: inherit;\"><span style=\"vertical-align: inherit;\"><span style=\"vertical-align: inherit;\"><span style=\"vertical-align: inherit;\">Oyez! <\/span><\/span><\/span><\/span><\/span><span style=\"vertical-align: inherit;\"><span style=\"vertical-align: inherit;\"><span style=\"vertical-align: inherit;\"><span style=\"vertical-align: inherit;\"><span style=\"vertical-align: inherit;\">Oyez!<\/span><\/span><\/span><\/span><\/span><\/span><\/span><\/p>\n<p><span class=\"s1\"><span style=\"vertical-align: inherit;\"><span style=\"vertical-align: inherit;\"><span style=\"vertical-align: inherit;\"><span style=\"vertical-align: inherit;\"><span style=\"vertical-align: inherit;\"><span style=\"vertical-align: inherit;\">Facia Fusta (anciennement Fol Farandole) est une association vivante et dynamique! <\/span><\/span><\/span><\/span><\/span><span style=\"vertical-align: inherit;\"><span style=\"vertical-align: inherit;\"><span style=\"vertical-align: inherit;\"><span style=\"vertical-align: inherit;\"><span style=\"vertical-align: inherit;\">Elle s&rsquo;est illustr\u00e9e par de nombreuses prestations dans toute la France: Le Puy en Velay (43), Provins (77), Andilly (74), Donzenac (19), Rocamadour (46) &#8230; Pour voir la liste de nos prestations \u00e0 venir, n&rsquo;h\u00e9sitez pas \u00e0 consulter notre <a href=\"http:\/\/www.faciafusta.fr\/?page_id=23\">calendrier<\/a>.<\/span><\/span><\/span><\/span><\/span><\/span><\/span><\/p>\n<p><span class=\"s1\"><span style=\"vertical-align: inherit;\"><span style=\"vertical-align: inherit;\"><span style=\"vertical-align: inherit;\"><span style=\"vertical-align: inherit;\"><span style=\"vertical-align: inherit;\"><span style=\"vertical-align: inherit;\">Notre groupe se compose d&rsquo;amateurs, de danseurs et de musiciens de toutes les origines et de tous les \u00e2ges qui\u00a0 transportent le public au Moyen-\u00c2ge ou \u00e0 la Renaissance, le temps d&rsquo;une f\u00eate, d&rsquo;un mariage m\u00e9di\u00e9val d&rsquo;un bal renaissance, etc.\u00a0<\/span><\/span><\/span><\/span><\/span><\/span><\/span><\/p>\n<p>Nos danseurs disposent de nombreux costumes qui s&rsquo;adaptent aux th\u00e8mes de vos f\u00eates. Nous avons par exemple un costume inspir\u00e9 du XIVe\u00a0si\u00e8cle, un sur le th\u00e8me du feu ou encore un autre sur le th\u00e8me de la nature.<\/p>\n<p><span class=\"s1\"><span style=\"vertical-align: inherit;\"><span style=\"vertical-align: inherit;\"><span style=\"vertical-align: inherit;\"><span style=\"vertical-align: inherit;\"><span style=\"vertical-align: inherit;\"><span style=\"vertical-align: inherit;\">\u00a0<\/span><\/span><\/span><\/span><\/span><\/span><\/span><span class=\"s1\"><span style=\"vertical-align: inherit;\"><span style=\"vertical-align: inherit;\"><span style=\"vertical-align: inherit;\"><span style=\"vertical-align: inherit;\"><span style=\"vertical-align: inherit;\"><span style=\"vertical-align: inherit;\">Venez partager avec nous la joie de jouer de la musique, de danser, de transmettre notre passion et notre \u00e9nergie.<\/span><\/span><\/span><\/span><\/span><\/span><\/span><\/p>\n","protected":false},"excerpt":{"rendered":"<p>\u00a0 Oyez! Oyez! Facia Fusta (anciennement Fol Farandole) est une association vivante et dynamique! Elle s&rsquo;est illustr\u00e9e par de nombreuses prestations dans toute la France: Le Puy en Velay (43), Provins (77), Andilly (74), Donzenac (19), Rocamadour (46) &#8230; Pour voir la liste de nos prestations \u00e0 venir, n&rsquo;h\u00e9sitez pas \u00e0 consulter notre calendrier. Notre<span class=\"read-more-wrap\"><a class=\"moretag\" href=\"https:\/\/www.faciafusta.fr\/?page_id=44\">Lire la suite<span class=\"screen-reader-text\">Pr\u00e9sentation<\/span><\/a><\/span><\/p>\n","protected":false},"author":1,"featured_media":0,"parent":0,"menu_order":0,"comment_status":"closed","ping_status":"closed","template":"","meta":[],"_links":{"self":[{"href":"https:\/\/www.faciafusta.fr\/index.php?rest_route=\/wp\/v2\/pages\/44"}],"collection":[{"href":"https:\/\/www.faciafusta.fr\/index.php?rest_route=\/wp\/v2\/pages"}],"about":[{"href":"https:\/\/www.faciafusta.fr\/index.php?rest_route=\/wp\/v2\/types\/page"}],"author":[{"embeddable":true,"href":"https:\/\/www.faciafusta.fr\/index.php?rest_route=\/wp\/v2\/users\/1"}],"replies":[{"embeddable":true,"href":"https:\/\/www.faciafusta.fr\/index.php?rest_route=%2Fwp%2Fv2%2Fcomments&post=44"}],"version-history":[{"count":8,"href":"https:\/\/www.faciafusta.fr\/index.php?rest_route=\/wp\/v2\/pages\/44\/revisions"}],"predecessor-version":[{"id":311,"href":"https:\/\/www.faciafusta.fr\/index.php?rest_route=\/wp\/v2\/pages\/44\/revisions\/311"}],"wp:attachment":[{"href":"https:\/\/www.faciafusta.fr\/index.php?rest_route=%2Fwp%2Fv2%2Fmedia&parent=44"}],"curies":[{"name":"wp","href":"https:\/\/api.w.org\/{rel}","templated":true}]}}